{"id":79,"date":"2021-11-14T16:59:17","date_gmt":"2021-11-14T16:59:17","guid":{"rendered":"http:\/\/www.rundertischgegengewalt-rbk.de\/?page_id=79"},"modified":"2022-01-31T08:31:49","modified_gmt":"2022-01-31T08:31:49","slug":"helfer","status":"publish","type":"page","link":"https:\/\/www.rundertischgegengewalt-rbk.de\/?page_id=79","title":{"rendered":"Helfende"},"content":{"rendered":"<div class='flex_column av-kw7yv1h8-beb7a5b36bcdb87201ba25e475e3e001 av_one_fifth  avia-builder-el-0  el_before_av_four_fifth  avia-builder-el-first  first no_margin flex_column_div av-hide-on-mobile '   ><\/div>\n\n<style type=\"text\/css\" data-created_by=\"avia_inline_auto\" id=\"style-css-av-kvzher72-3fb524317e2d51a18e4b83e468aceba0\">\n.flex_column.av-kvzher72-3fb524317e2d51a18e4b83e468aceba0{\npadding:0 0 0 0;\n}\n<\/style>\n<div class='flex_column av-kvzher72-3fb524317e2d51a18e4b83e468aceba0 av_four_fifth  avia-builder-el-1  el_after_av_one_fifth  avia-builder-el-last  no_margin flex_column_div '   ><p>\n<style type=\"text\/css\" data-created_by=\"avia_inline_auto\" id=\"style-css-av-kvzhf7ku-b4d0213288198d588bfa700e833db941\">\n#top .av-special-heading.av-kvzhf7ku-b4d0213288198d588bfa700e833db941{\npadding-bottom:10px;\n}\n<\/style>\n<div  class='av-special-heading av-kvzhf7ku-b4d0213288198d588bfa700e833db941 av-special-heading-h3 blockquote modern-quote  avia-builder-el-2  el_before_av_textblock  avia-builder-el-first  '><h3 class='av-special-heading-tag '  itemprop=\"headline\"  >Info zu Gewalt f\u00fcr Interessierte und Helfende<\/h3><div class='special-heading-border'><div class='special-heading-inner-border'><\/div><\/div><\/div><br \/>\n<section class=\"av_textblock_section \"  itemscope=\"itemscope\" itemtype=\"https:\/\/schema.org\/CreativeWork\" ><div class='avia_textblock  '   itemprop=\"text\" ><p>Gewaltaus\u00fcbungen gegen Frauen, M\u00e4nner und Kinder kommt in allen Regionen vor, quer durch alle Kulturen, sozialen Schichten und Sozialr\u00e4ume.<\/p>\n<p>Formen der Gewalt sind<\/p>\n<p><strong>\u00b7<\/strong> physische Gewalt<\/p>\n<p><strong>\u00b7<\/strong> psychische Gewalt<\/p>\n<p><strong>\u00b7<\/strong> sexualisierte Gewalt<\/p>\n<p><strong>\u00b7<\/strong> \u00f6konomische Gewalt<\/p>\n<p><strong>\u00b7<\/strong> soziale Gewalt<\/p>\n<p>Menschen, die Gewalt erlebt haben, verarbeiten diese Erfahrung auf unterschiedliche Art und Weise. Manche \u00fcberstehen das Ereignis relativ gut, w\u00e4hrend andere lange Zeit unter den Eindr\u00fccken des Erlebten leiden.<\/p>\n<p>Das Netzwerk Runder Tisch stellt eine Vielzahl an Beratungs-, Hilfs- und Unterst\u00fctzungsangeboten, dar. Durch die enge Zusammenarbeit der jeweiligen Institutionen, k\u00f6nnen die Bed\u00fcrfnisse der Betroffenen und Anliegen der Helfenden gut abgedeckt werden.<\/p>\n<\/div><\/section><\/p><\/div>\n","protected":false},"excerpt":{"rendered":"","protected":false},"author":1,"featured_media":0,"parent":0,"menu_order":0,"comment_status":"closed","ping_status":"closed","template":"","meta":{"footnotes":""},"class_list":["post-79","page","type-page","status-publish","hentry"],"yoast_head":"<!-- This site is optimized with the Yoast SEO plugin v22.6 - https:\/\/yoast.com\/wordpress\/plugins\/seo\/ -->\n<title>Helfende - Runder Tisch<\/title>\n<meta name=\"robots\" content=\"index, follow, max-snippet:-1, max-image-preview:large, max-video-preview:-1\" \/>\n<link rel=\"canonical\" href=\"https:\/\/www.rundertischgegengewalt-rbk.de\/?page_id=79\" \/>\n<meta property=\"og:locale\" content=\"de_DE\" \/>\n<meta property=\"og:type\" content=\"article\" \/>\n<meta property=\"og:title\" content=\"Helfende - Runder Tisch\" \/>\n<meta property=\"og:url\" content=\"https:\/\/www.rundertischgegengewalt-rbk.de\/?page_id=79\" \/>\n<meta property=\"og:site_name\" content=\"Runder Tisch\" \/>\n<meta property=\"article:modified_time\" content=\"2022-01-31T08:31:49+00:00\" \/>\n<meta name=\"twitter:card\" content=\"summary_large_image\" \/>\n<meta name=\"twitter:label1\" content=\"Gesch\u00e4tzte Lesezeit\" \/>\n\t<meta name=\"twitter:data1\" content=\"2\u00a0Minuten\" \/>\n<script type=\"application\/ld+json\" class=\"yoast-schema-graph\">{\"@context\":\"https:\/\/schema.org\",\"@graph\":[{\"@type\":\"WebPage\",\"@id\":\"https:\/\/www.rundertischgegengewalt-rbk.de\/?page_id=79\",\"url\":\"https:\/\/www.rundertischgegengewalt-rbk.de\/?page_id=79\",\"name\":\"Helfende - Runder Tisch\",\"isPartOf\":{\"@id\":\"https:\/\/www.rundertischgegengewalt-rbk.de\/#website\"},\"datePublished\":\"2021-11-14T16:59:17+00:00\",\"dateModified\":\"2022-01-31T08:31:49+00:00\",\"breadcrumb\":{\"@id\":\"https:\/\/www.rundertischgegengewalt-rbk.de\/?page_id=79#breadcrumb\"},\"inLanguage\":\"de\",\"potentialAction\":[{\"@type\":\"ReadAction\",\"target\":[\"https:\/\/www.rundertischgegengewalt-rbk.de\/?page_id=79\"]}]},{\"@type\":\"BreadcrumbList\",\"@id\":\"https:\/\/www.rundertischgegengewalt-rbk.de\/?page_id=79#breadcrumb\",\"itemListElement\":[{\"@type\":\"ListItem\",\"position\":1,\"name\":\"Startseite\",\"item\":\"https:\/\/www.rundertischgegengewalt-rbk.de\/\"},{\"@type\":\"ListItem\",\"position\":2,\"name\":\"Helfende\"}]},{\"@type\":\"WebSite\",\"@id\":\"https:\/\/www.rundertischgegengewalt-rbk.de\/#website\",\"url\":\"https:\/\/www.rundertischgegengewalt-rbk.de\/\",\"name\":\"Runder Tisch\",\"description\":\"Keine Gewalt an Frauen\",\"publisher\":{\"@id\":\"https:\/\/www.rundertischgegengewalt-rbk.de\/#organization\"},\"potentialAction\":[{\"@type\":\"SearchAction\",\"target\":{\"@type\":\"EntryPoint\",\"urlTemplate\":\"https:\/\/www.rundertischgegengewalt-rbk.de\/?s={search_term_string}\"},\"query-input\":\"required name=search_term_string\"}],\"inLanguage\":\"de\"},{\"@type\":\"Organization\",\"@id\":\"https:\/\/www.rundertischgegengewalt-rbk.de\/#organization\",\"name\":\"Runder Tisch gegen h\u00e4usliche Gewalt im Rheinisch-Bergischen-Kreis\",\"url\":\"https:\/\/www.rundertischgegengewalt-rbk.de\/\",\"logo\":{\"@type\":\"ImageObject\",\"inLanguage\":\"de\",\"@id\":\"https:\/\/www.rundertischgegengewalt-rbk.de\/#\/schema\/logo\/image\/\",\"url\":\"http:\/\/www.rundertischgegengewalt-rbk.de\/wp-content\/uploads\/2021\/10\/logo_mit_schrift.png\",\"contentUrl\":\"http:\/\/www.rundertischgegengewalt-rbk.de\/wp-content\/uploads\/2021\/10\/logo_mit_schrift.png\",\"width\":598,\"height\":558,\"caption\":\"Runder Tisch gegen h\u00e4usliche Gewalt im Rheinisch-Bergischen-Kreis\"},\"image\":{\"@id\":\"https:\/\/www.rundertischgegengewalt-rbk.de\/#\/schema\/logo\/image\/\"}}]}<\/script>\n<!-- \/ Yoast SEO plugin. -->","yoast_head_json":{"title":"Helfende - Runder Tisch","robots":{"index":"index","follow":"follow","max-snippet":"max-snippet:-1","max-image-preview":"max-image-preview:large","max-video-preview":"max-video-preview:-1"},"canonical":"https:\/\/www.rundertischgegengewalt-rbk.de\/?page_id=79","og_locale":"de_DE","og_type":"article","og_title":"Helfende - Runder Tisch","og_url":"https:\/\/www.rundertischgegengewalt-rbk.de\/?page_id=79","og_site_name":"Runder Tisch","article_modified_time":"2022-01-31T08:31:49+00:00","twitter_card":"summary_large_image","twitter_misc":{"Gesch\u00e4tzte Lesezeit":"2\u00a0Minuten"},"schema":{"@context":"https:\/\/schema.org","@graph":[{"@type":"WebPage","@id":"https:\/\/www.rundertischgegengewalt-rbk.de\/?page_id=79","url":"https:\/\/www.rundertischgegengewalt-rbk.de\/?page_id=79","name":"Helfende - Runder Tisch","isPartOf":{"@id":"https:\/\/www.rundertischgegengewalt-rbk.de\/#website"},"datePublished":"2021-11-14T16:59:17+00:00","dateModified":"2022-01-31T08:31:49+00:00","breadcrumb":{"@id":"https:\/\/www.rundertischgegengewalt-rbk.de\/?page_id=79#breadcrumb"},"inLanguage":"de","potentialAction":[{"@type":"ReadAction","target":["https:\/\/www.rundertischgegengewalt-rbk.de\/?page_id=79"]}]},{"@type":"BreadcrumbList","@id":"https:\/\/www.rundertischgegengewalt-rbk.de\/?page_id=79#breadcrumb","itemListElement":[{"@type":"ListItem","position":1,"name":"Startseite","item":"https:\/\/www.rundertischgegengewalt-rbk.de\/"},{"@type":"ListItem","position":2,"name":"Helfende"}]},{"@type":"WebSite","@id":"https:\/\/www.rundertischgegengewalt-rbk.de\/#website","url":"https:\/\/www.rundertischgegengewalt-rbk.de\/","name":"Runder Tisch","description":"Keine Gewalt an Frauen","publisher":{"@id":"https:\/\/www.rundertischgegengewalt-rbk.de\/#organization"},"potentialAction":[{"@type":"SearchAction","target":{"@type":"EntryPoint","urlTemplate":"https:\/\/www.rundertischgegengewalt-rbk.de\/?s={search_term_string}"},"query-input":"required name=search_term_string"}],"inLanguage":"de"},{"@type":"Organization","@id":"https:\/\/www.rundertischgegengewalt-rbk.de\/#organization","name":"Runder Tisch gegen h\u00e4usliche Gewalt im Rheinisch-Bergischen-Kreis","url":"https:\/\/www.rundertischgegengewalt-rbk.de\/","logo":{"@type":"ImageObject","inLanguage":"de","@id":"https:\/\/www.rundertischgegengewalt-rbk.de\/#\/schema\/logo\/image\/","url":"http:\/\/www.rundertischgegengewalt-rbk.de\/wp-content\/uploads\/2021\/10\/logo_mit_schrift.png","contentUrl":"http:\/\/www.rundertischgegengewalt-rbk.de\/wp-content\/uploads\/2021\/10\/logo_mit_schrift.png","width":598,"height":558,"caption":"Runder Tisch gegen h\u00e4usliche Gewalt im Rheinisch-Bergischen-Kreis"},"image":{"@id":"https:\/\/www.rundertischgegengewalt-rbk.de\/#\/schema\/logo\/image\/"}}]}},"_links":{"self":[{"href":"https:\/\/www.rundertischgegengewalt-rbk.de\/index.php?rest_route=\/wp\/v2\/pages\/79","targetHints":{"allow":["GET"]}}],"collection":[{"href":"https:\/\/www.rundertischgegengewalt-rbk.de\/index.php?rest_route=\/wp\/v2\/pages"}],"about":[{"href":"https:\/\/www.rundertischgegengewalt-rbk.de\/index.php?rest_route=\/wp\/v2\/types\/page"}],"author":[{"embeddable":true,"href":"https:\/\/www.rundertischgegengewalt-rbk.de\/index.php?rest_route=\/wp\/v2\/users\/1"}],"replies":[{"embeddable":true,"href":"https:\/\/www.rundertischgegengewalt-rbk.de\/index.php?rest_route=%2Fwp%2Fv2%2Fcomments&post=79"}],"version-history":[{"count":9,"href":"https:\/\/www.rundertischgegengewalt-rbk.de\/index.php?rest_route=\/wp\/v2\/pages\/79\/revisions"}],"predecessor-version":[{"id":253,"href":"https:\/\/www.rundertischgegengewalt-rbk.de\/index.php?rest_route=\/wp\/v2\/pages\/79\/revisions\/253"}],"wp:attachment":[{"href":"https:\/\/www.rundertischgegengewalt-rbk.de\/index.php?rest_route=%2Fwp%2Fv2%2Fmedia&parent=79"}],"curies":[{"name":"wp","href":"https:\/\/api.w.org\/{rel}","templated":true}]}}

<div class='flex_column av-kw7yv1h8-beb7a5b36bcdb87201ba25e475e3e001 av_one_fifth  avia-builder-el-0  el_before_av_four_fifth  avia-builder-el-first  first no_margin flex_column_div av-hide-on-mobile '   ></div>

<style type="text/css" data-created_by="avia_inline_auto" id="style-css-av-kvzher72-3fb524317e2d51a18e4b83e468aceba0">
.flex_column.av-kvzher72-3fb524317e2d51a18e4b83e468aceba0{
padding:0 0 0 0;
}
</style>
<div class='flex_column av-kvzher72-3fb524317e2d51a18e4b83e468aceba0 av_four_fifth  avia-builder-el-1  el_after_av_one_fifth  avia-builder-el-last  no_margin flex_column_div '   ><p>
<style type="text/css" data-created_by="avia_inline_auto" id="style-css-av-kvzhf7ku-b4d0213288198d588bfa700e833db941">
#top .av-special-heading.av-kvzhf7ku-b4d0213288198d588bfa700e833db941{
padding-bottom:10px;
}
</style>
<div  class='av-special-heading av-kvzhf7ku-b4d0213288198d588bfa700e833db941 av-special-heading-h3 blockquote modern-quote  avia-builder-el-2  el_before_av_textblock  avia-builder-el-first  '><h3 class='av-special-heading-tag '  itemprop="headline"  >Info zu Gewalt für Interessierte und Helfende</h3><div class='special-heading-border'><div class='special-heading-inner-border'></div></div></div><br />
<section class="av_textblock_section "  itemscope="itemscope" itemtype="https://schema.org/CreativeWork" ><div class='avia_textblock  '   itemprop="text" ><p>Gewaltausübungen gegen Frauen, Männer und Kinder kommt in allen Regionen vor, quer durch alle Kulturen, sozialen Schichten und Sozialräume.</p>
<p>Formen der Gewalt sind</p>
<p><strong>·</strong> physische Gewalt</p>
<p><strong>·</strong> psychische Gewalt</p>
<p><strong>·</strong> sexualisierte Gewalt</p>
<p><strong>·</strong> ökonomische Gewalt</p>
<p><strong>·</strong> soziale Gewalt</p>
<p>Menschen, die Gewalt erlebt haben, verarbeiten diese Erfahrung auf unterschiedliche Art und Weise. Manche überstehen das Ereignis relativ gut, während andere lange Zeit unter den Eindrücken des Erlebten leiden.</p>
<p>Das Netzwerk Runder Tisch stellt eine Vielzahl an Beratungs-, Hilfs- und Unterstützungsangeboten, dar. Durch die enge Zusammenarbeit der jeweiligen Institutionen, können die Bedürfnisse der Betroffenen und Anliegen der Helfenden gut abgedeckt werden.</p>
</div></section></p></div>

<!-- This site is optimized with the Yoast SEO plugin v22.6 - https://yoast.com/wordpress/plugins/seo/ -->
<title>Helfende - Runder Tisch</title>
<meta name="robots" content="index, follow, max-snippet:-1, max-image-preview:large, max-video-preview:-1" />
<link rel="canonical" href="https://www.rundertischgegengewalt-rbk.de/?page_id=79" />
<meta property="og:locale" content="de_DE" />
<meta property="og:type" content="article" />
<meta property="og:title" content="Helfende - Runder Tisch" />
<meta property="og:url" content="https://www.rundertischgegengewalt-rbk.de/?page_id=79" />
<meta property="og:site_name" content="Runder Tisch" />
<meta property="article:modified_time" content="2022-01-31T08:31:49+00:00" />
<meta name="twitter:card" content="summary_large_image" />
<meta name="twitter:label1" content="Geschätzte Lesezeit" />
	<meta name="twitter:data1" content="2 Minuten" />
<script type="application/ld+json" class="yoast-schema-graph">{"@context":"https://schema.org","@graph":[{"@type":"WebPage","@id":"https://www.rundertischgegengewalt-rbk.de/?page_id=79","url":"https://www.rundertischgegengewalt-rbk.de/?page_id=79","name":"Helfende - Runder Tisch","isPartOf":{"@id":"https://www.rundertischgegengewalt-rbk.de/#website"},"datePublished":"2021-11-14T16:59:17+00:00","dateModified":"2022-01-31T08:31:49+00:00","breadcrumb":{"@id":"https://www.rundertischgegengewalt-rbk.de/?page_id=79#breadcrumb"},"inLanguage":"de","potentialAction":[{"@type":"ReadAction","target":["https://www.rundertischgegengewalt-rbk.de/?page_id=79"]}]},{"@type":"BreadcrumbList","@id":"https://www.rundertischgegengewalt-rbk.de/?page_id=79#breadcrumb","itemListElement":[{"@type":"ListItem","position":1,"name":"Startseite","item":"https://www.rundertischgegengewalt-rbk.de/"},{"@type":"ListItem","position":2,"name":"Helfende"}]},{"@type":"WebSite","@id":"https://www.rundertischgegengewalt-rbk.de/#website","url":"https://www.rundertischgegengewalt-rbk.de/","name":"Runder Tisch","description":"Keine Gewalt an Frauen","publisher":{"@id":"https://www.rundertischgegengewalt-rbk.de/#organization"},"potentialAction":[{"@type":"SearchAction","target":{"@type":"EntryPoint","urlTemplate":"https://www.rundertischgegengewalt-rbk.de/?s={search_term_string}"},"query-input":"required name=search_term_string"}],"inLanguage":"de"},{"@type":"Organization","@id":"https://www.rundertischgegengewalt-rbk.de/#organization","name":"Runder Tisch gegen häusliche Gewalt im Rheinisch-Bergischen-Kreis","url":"https://www.rundertischgegengewalt-rbk.de/","logo":{"@type":"ImageObject","inLanguage":"de","@id":"https://www.rundertischgegengewalt-rbk.de/#/schema/logo/image/","url":"http://www.rundertischgegengewalt-rbk.de/wp-content/uploads/2021/10/logo_mit_schrift.png","contentUrl":"http://www.rundertischgegengewalt-rbk.de/wp-content/uploads/2021/10/logo_mit_schrift.png","width":598,"height":558,"caption":"Runder Tisch gegen häusliche Gewalt im Rheinisch-Bergischen-Kreis"},"image":{"@id":"https://www.rundertischgegengewalt-rbk.de/#/schema/logo/image/"}}]}</script>
<!-- / Yoast SEO plugin. -->

Runder Tisch gegen häusliche Gewalt im Rheinisch-Bergischen-Kreis
